/12*n**4 + 2*n**2 + 0 + 0*n - 1/60*n**5 - 1/6*n**3. Let m = 327 - 328. Give v(m).
-8
Let l(z) = -z**3 + 5*z**2 - 2*z + 1. Let m = 266 + -262. Determine l(m).
9
Let r(b) = 23*b - 2. Suppose 0 = -4*y - 5*j - 9, 8*j - 3*j + 4 = y. Determine r(y).
-25
Let g(h) = -5*h + 4. Let q(m) = 2*m**3 - 12*m**2 + 12*m - 13. Let y be q(5). Calculate g(y).
19
Let k(s) be the first derivative of s**3/3 + s**2 - 2*s + 2. Let m be k(-4). Let v(u) = 5*u + 3. Let a(z) = 4*z + 2. Let y(q) = -4*a(q) + 3*v(q). What is y(m)?
-5
Let q(n) be the second derivative of n**3/6 - 2*n**2 + n. Let j(s) = 2*s**2 - 3*s**2 + 7 + 9*s + 3 + 2*s**2. Let g be j(-7). Give q(g).
-8
Let a(f) = -f**3 - 3*f**2 - 4*f - 2. Let c(t) = 2*t**3 + 3*t**2 + 8*t + 5. Let z(w) = 5*a(w) + 3*c(w). Calculate z(5).
0
Let l(k) be the first derivative of 17*k**4/4 - k**2 + k - 3. Suppose 0 = -0*q + q - 1. Calculate l(q).
16
Let z(a) = -a - 1. Let f(n) = 8*n + 48. Let t(j) = -3*j - 16. Let r(l) = -4*f(l) - 11*t(l). Let o be r(15). Give z(o).
0
Let p(t) = -4*t + 10*t + 2 - 8*t. Let z be 2/3 + 56/(-12). What is p(z)?
10
Let b(l) = 4*l + 5. Let r(k) = -k**2 - k - 1. Let z(s) = -b(s) - r(s). Suppose f + 5*y = -3*f + 11, -3*f = 2*y - 10. Determine z(f).
0
Let m(s) be the third derivative of -s**5/60 + s**4/6 - 7*s**3/6 + s**2 - 2*s. Give m(5).
-12
Let l(y) = -2 + 3*y + 13 - 9 - 8*y + 4*y**2. Calculate l(3).
23
Suppose -13*b + 156 = -9*b. Suppose 2*f - 33 = 2*l + 29, 71 = -2*l - f. Let w = b + l. Let y(m) = 3*m - 1. What is y(w)?
14
Let m be (0 + 0)*(-3)/3. Suppose -48*z + 53*z - 50 = 0. Suppose m = 6*x - x - z. Let c(p) = -p**3 + p - 2. What is c(x)?
-8
Let d(m) be the second derivative of m**4/12 + 2*m**3 - 3*m**2/2 + 2*m + 27. What is d(-6)?
-39
Let a(j) = 2*j**2 + 3*j + 1. Let d(c) be the third derivative of -c**6/120 + 3*c**5/20 + 4*c**3/3 + c**2. Let f be d(9). Let i = f + -10. What is a(i)?
3
Let y(u) = -u - 4. Suppose i = o - 2, 2*o = 4*i - 10 + 26. Let j be y(i). Let z(h) = -4 - j*h + 3*h + 4 - 5. What is z(0)?
-5
Let y(b) = b**2 - 11*b - 7. Let n(j) = 3*j + 21. Let d be n(-4). Determine y(d).
-25
Let m(c) = -c - 1. Let b be (-4)/(8/(-6)) - 1. Suppose 5*y + 2*w + 0 = 17, 0 = -b*y + 3*w + 3. Determine m(y).
-4
Let l(t) be the first derivative of -t**4/4 - 2*t**3 - 3*t**2 - 4*t + 53. What is l(-4)?
-12
Let u(z) be the second derivative of z**5/20 - 5*z**4/12 + z**3 - 3*z**2/2 - 9*z. Let q = 21 + -17. Determine u(q).
5
Suppose 0*f - 5*f = 160. Let c = -43 - f. Let r = c - -9. Let t(v) = -v**2 - 2*v. Calculate t(r).
0
Let g(w) be the second derivative of -1/12*w**4 + 0 - 5/2*w**2 + 4/3*w**3 + 17*w. Give g(4).
11
Suppose 0*b = b - 2. Suppose 0 = c - 4*y - 26, 9 = c - b*c - 3*y. Let h(v) = 2*v - c*v + 5*v - 1. Give h(-5).
-6
Let u(g) = -g**3 + 5*g**2 - 2*g - 3. Suppose n = -i, -2*i + n = -4*n + 14. Let f be (-4)/(-8)*(i - -10). Calculate u(f).
5
Let l(h) be the second derivative of -5*h**4/4 + h**3/6 - h**2/2 + 4*h - 1. Determine l(1).
-15
Let x(v) = v - 4. Suppose 34 = -31*o + 3. Give x(o).
-5
Let i = 89 + -78. Suppose 14 = -4*j + i*j. Let k(f) = 2 + 0*f**2 + f + 3*f**2 - f**3 + 0. Calculate k(j).
8
Let x(a) = -4*a. Let m(s) = -17*s + 9. Let u(l) = -m(l) + 6*x(l). Give u(8).
-65
Let k be 0/5 - 2*-1. Let r(o) = 15*o**2 - 6*o - 7. Let u(y) = 7*y**2 - 3*y - 3. Let x(j) = 4*r(j) - 9*u(j). Determine x(k).
-7
Let x(v) = -2*v**3 - v**2 + 2*v - 1. Let j(b) = 14*b**2 + 2*b - 1. Let c be j(1). Let u be ((-1)/3)/(1/(-12)). Suppose c - 7 = -u*r. Determine x(r).
7
Let i(a) = -14*a + 7. Let q(j) = -5*j + 3. Let z(b) = -6*i(b) + 17*q(b). Calculate z(8).
1
Let o(h) = -4*h**3 + 3*h**2 - h. Suppose -g + 0 = 2, 5*g + 4 = -3*z. Give o(z).
-22
Let q(p) = -p**2 + 7*p - 2. Let z be 18*(3 + -2 + 0). Let l be 856/(-36) + (-4)/z. Let c be l/(-4) + (0 - 0). Calculate q(c).
4
Let c(l) = 2*l - 15. Let x = 61 + -43. Suppose 0 = -k + 3*b - b + x, -5*k = 3*b - 38. Determine c(k).
5
Suppose -14 + 42 = 4*o. Let h(k) = 23*k**3 + 8*k**2 + 0*k + 6 - 5*k**3 - 19*k**3 - 8*k. Calculate h(o).
-1
Suppose -i - 2*x - 4 = -4*i, -i = -2*x. Let z(y) = 2*y - i - 2 - 7*y + 6. Determine z(-2).
12
Suppose -32 = -3044*h + 3040*h. Let u(i) = -2*i + 22. Calculate u(h).
6
Let i be (4 - 4) + (1 - 1). Suppose -3*l + 0*l = i. Let s(m) = l*m + 4 - 2*m - 2 - 4. Calculate s(-2).
2
Let r(s) = -s + 2. Let m be (-6 + 10)/(2/3). Let a(h) = -h**2 + 11*h - 26. Let n be a(m). What is r(n)?
-2
Let l = -66 + 84. Let n(d) = -7*d - 6 - l*d**2 - 18*d**2 + 37*d**2. What is n(7)?
-6
Let b(f) be the second derivative of f**3/6 + 3*f**2 - 14*f. Give b(6).
12
Let b(q) = -13*q**2 + 2*q + 1. Let x(r) = r + 10. Let j be x(-9). Let c(l) = -2*l + 1. Let u be c(j). Calculate b(u).
-14
Let k = -2265 - -2265. Let r(v) = v**2 - v + 8. What is r(k)?
8
Suppose -u - 4 = -2*u. Let a(c) = c**3 + 6*c**2 - 4. Let f(n) = n**3 + 7*n**2 - n - 4. Let x(q) = u*a(q) - 3*f(q). Determine x(-3).
-13
Suppose -10*i - 44 = -15*i + p, -3*p + 20 = 4*i. Let o(u) = -u**2 + u - 1. Let y(q) = -5*q**2 + 12*q - 9. Let v(a) = -4*o(a) + y(a). Determine v(i).
-5
Let h(s) = s**2 - 2*s - 2. Suppose -4*b - 4 = -6*b. Let u be ((-3)/b)/(6/8). Determine h(u).
6
Let q(b) be the third derivative of -b**4/3 + 4*b**3/3 + 11*b**2. What is q(7)?
-48
Let x be ((-16)/10)/(92/(-230)). Let p(m) = -m**3 + 3*m**2 + 3*m - 1. Calculate p(x).
-5
Suppose -2*h = 2*p - 6, 5*p = -2*h - 364 + 358. Let g(v) = -2*v**2 + 16*v - 3. What is g(h)?
11
Suppose 0 = -2*a + 4*q, 14*a - 19*a = 4*q. Let m(x) = -x - 18. Give m(a).
-18
Let l(b) = 7420*b - b**3 + 5 - 2 + 3 + 0*b**2 - 7429*b + 10*b**2. Let a = -18 - -27. Calculate l(a).
6
Suppose t - 6 = 5*w - 16, -17 = -4*w - t. Suppose w*f = 51 - 42. Let o(s) = -s - s**f - 6*s**3 + 2*s + 0*s. Calculate o(1).
-6
Let v(c) = -c**2 + 7*c - 1. Suppose 2*a + 8 = 4*a. Suppose -3*b + b = -a. Let l be -1*(b + -8 + 1). What is v(l)?
9
Let r(h) = -h**3 - 8*h**2 - 8*h - 1. Let k(s) = s**2 - 23. Let p be k(-4). What is r(p)?
6
Suppose 4*n - n = -3*b + 3, -3*b + 3*n + 21 = 0. Let d = 11 - 10. Let s(a) = -d - b + 4 + 5*a. Calculate s(-1).
-6
Suppose 0 = -6*d + 5 + 7. Let b(s) = 6*s + 14*s + s**d + 9 - 27*s. Calculate b(6).
3
Let p(i) = -2*i + 2. Let l(s) = s - 25. Let d be l(22). Give p(d).
8
Let f = -596 - -604. Let g(x) = 3*x**3 + 8*x**2 + 3*x + 9. Let c(p) = 4*p**3 + 8*p**2 + 4*p + 10. Let v(h) = 4*c(h) - 5*g(h). Determine v(f).
3
Suppose -y = -3*y - 10. Let i(z) be the third derivative of z**4/24 + z**3 + 50*z**2. What is i(y)?
1
Let z(s) be the third derivative of s**4/24 + s**3 + 116*s**2. Give z(-3).
3
Let i(a) = -a**3 - 2*a**2 - a + 1. Let m(p) = -p**3 - 10*p**2 + 11*p + 8. Let j be m(-11). Suppose -12 = 4*w, -2*f + j = 2*w - 6*w. Give i(f).
3
Let d(p) be the second derivative of -p**5/120 + 5*p**4/24 + p**3/6 - 2*p. Let y(l) be the second derivative of d(l). Suppose -3*z + 0*z = 0. What is y(z)?
5
Suppose -35 = -k - 5*x, 68*x + 6 = 69*x. Let b(f) be the third derivative of f**5/60 - f**3 - f**2. Give b(k).
19
Let d = -640 - -658. Let k(a) = -a**3 + 18*a**2 + a - 10. What is k(d)?
8
Let c(k) = k**3 + 5*k**2 - 7*k + 2. Let s(o) = -5 + 13 - 4*o + 9 + 5*o. Let d be s(-11). Let t be 3 - (d*2 + -3). Calculate c(t).
8
Let z(o) = o**3 - 3*o**2 - 3*o. Let u = 42 - 71. Let a = 32 + u. Suppose 6*h = a + 15. Determine z(h).
-9
Let l = 7 - 5. Let m(w) = w**3 - 6*w**2 - 4*w - 12. Let a be m(7). Let q(p) = 2 + 5*p - a*p**l + 8*p**2 - 8. Calculate q(4).
-2
Let k(f) = f - 10. Let d(i) be the second derivative of -1/6*i**3 - 3*i - 1/2*i**4 + 0 - 1/20*i**5 + 1/2*i**2. Let z be d(-6). What is k(z)?
-3
Let r be ((-2)/(-63)*3)/(13/91). Let g(c) be the first derivative of 7 - r*c**3 + 3*c - 3/2*c**2. What is g(-3)?
-6
Let g be (-230)/(-40) - 2/(-8). Let i(l) = 4*l - 6. What is i(g)?
18
Let a = -22 - -25. Let u(h) = 1 + 3*h**2 - 2*h + 2*h**a - h + 7*h - 3*h**3. Give u(4).
1
Suppose -3*g - 1 + 49 = 4*t, 0 = g + 4*t - 24. Let y(q) = -q**3 + 11*q**2 + 13*q - 15. Calculate y(g).
-3
Let g(q) be the first derivative of -2*q**3 + q + 2. Let s be 109/(((-1)/3)/(5/15)). Let d = s - -108. Determine g(d).
-5
Let n(s) = 3*s**3 - 2*s**2 - s - 2. Let b(h) = -2*h**3 + 7*h**2 + 5*h - 2. Let z be b(4). Determine n(z).
12
Let w(k) = -89*k + 6. Let j(g) = 125*g - 9. Let f(p) = -5*j(p) - 7*w(p). Suppose 0 = 3*z - 15, -4*z + 16 = -m - m. Let a = 4 - m. Calcul